-17a3
In base 14, what is 5 + 53?
58
In base 2, what is -110001 + 1111?
-100010
In base 7, what is -1 - 20?
-21
In base 5, what is 20314 - -1?
20320
In base 6, what is 52 - 3?
45
In base 2, what is 100 - -111100111?
111101011
In base 5, what is 1 + -210?
-204
In base 3, what is 2 + 210111?
210120
In base 5, what is 110444 + 10?
111004
In base 12, what is a - -127?
135
In base 6, what is 3 + 1551?
1554
In base 7, what is 4 - 21?
-14
In base 2, what is -111110011 + 101?
-111101110
In base 10, what is -27 - 13?
-40
In base 9, what is 5 + -27?
-22
In base 15, what is -4 + 141?
13c
In base 11, what is -149 + -3?
-151
In base 13, what is -12 + 1?
-11
In base 9, what is -3 + 3?
0
In base 2, what is 101 - 100010?
-11101
In base 13, what is a - -56?
63
In base 12, what is 31 - -6?
37
In base 13, what is 2 + -735?
-733
In base 14, what is -2 - -9?
7
In base 14, what is -7 - -2bc?
2b5
In base 16, what is -4 - 2?
-6
In base 10, what is 20 - -658?
678
In base 15, what is -8 - -19?
11
In base 3, what is 1010220 - -10?
1011000
In base 16, what is -13 - 9?
-1c
In base 14, what is 35 - -4?
39
In base 11, what is -2 + 1a?
18
In base 16, what is 4 + -28?
-24
In base 2, what is -1001001110011 - -1?
-1001001110010
In base 13, what is 2 + -41?
-3c
In base 15, what is -53 - a8?
-10b
In base 9, what is -204 + 0?
-204
In base 3, what is -1 + 12111?
12110
In base 13, what is -16 + -15?
-2b
In base 7, what is -5 + 146?
141
In base 5, what is -122 + 33?
-34
In base 5, what is 20 + -200?
-130
In base 6, what is 3 - 1101?
-1054
In base 13, what is b + 78?
86
In base 7, what is 5 - 116?
-111
In base 9, what is 5 - -617?
623
In base 5, what is 1134 - 3?
1131
In base 10, what is -10 + -339?
-349
In base 7, what is 136025 - 2?
136023
In base 8, what is 567 - 10?
557
In base 14, what is 7001 - 1?
7000
In base 16, what is -7 + 64?
5d
In base 9, what is -4 - -106?
102
In base 3, what is -111112011 - 10?
-111112021
In base 13, what is -65 - c?
-74
In base 2, what is 1111000 + -10001?
1100111
In base 14, what is 2 + d?
11
In base 6, what is -110 - -4?
-102
In base 5, what is 20 + 23?
43
In base 12, what is 0 + -17b7?
-17b7
In base 16, what is 7 - ea?
-e3
In base 12, what is -3 + -5?
-8
In base 3, what is -101 + -120?
-221
In base 7, what is 43 + -10?
33
In base 12, what is 301 + 2?
303
In base 16, what is -3 - -42?
3f
In base 7, what is -53 - 1115?
-1201
In base 16, what is 4d + -a?
43
In base 5, what is 110 - -100?
210
In base 4, what is 13 + 1210?
1223
In base 10, what is 15 - 573?
-558
In base 5, what is 4 - 4104?
-4100
In base 7, what is -2 - -32463?
32461
In base 4, what is -301110 + -11?
-301121
In base 2, what is 11110001010100 + 101?
11110001011001
In base 4, what is -131100 + -22?
-131122
In base 5, what is 1 - 12032?
-12031
In base 14, what is 0 - -c6?
c6
In base 6, what is 1 - 4?
-3
In base 13, what is 2 + 48?
4a
In base 10, what is -64 + 8?
-56
In base 15, what is 3e + 4b?
8a
In base 10, what is 3 + 246?
249
In base 7, what is 10530 - 6?
10521
In base 3, what is -10 + -2111?
-2121
In base 15, what is -b68 + 9?
-b5e
In base 4, what is 2213 - -11?
2230
In base 15, what is -15 + 3?
-12
In base 4, what is -111322 + 0?
-111322
In base 6, what is 2 + -140?
-134
In base 14, what is 1 + -529?
-528
In base 12, what is 1 + -82?
-81
In base 4, what is 2023 + 3?
2032
In base 2, what is -1 + 111110?
111101
In base 3, what is 1 + 110100?
110101
In base 12, what is 3a7b - 1?
3a7a
In base 13, what is 1 + 134?
135
In base 10, what is 1 - -219?
220
In base 11, what is 11 - 821?
-810
In base 4, what is -100330 + -11?
-101001
In base 6, what is 3 + -20025?
-20022
In base 4, what is 1221 - 10?
1211
In base 4, what is 32312 - 10?
32302
In base 9, what is -108 + -28?
-137
In base 16, what is 3 - -13?
16
In base 3, what is 121 - -100?
221
In base 2, what is -101 - -10101?
10000
In base 3, what is -11 + -110111?
-110122
In base 12, what is 0 + 70?
70
In base 8, what is -14 + 55?
41
In base 15, what is 29c + 2?
29e
In base 13, what is -6363 - 2?
-6365
In base 13, what is -4 + -7ac?
-7b3
In base 9, what is -16 + 181?
164
In base 3, what is -10210 - 212?
-11122
In base 10, what is -44 + -38?
-82
In base 12, what is -a3 + -5?
-a8
In base 7, what is -14450 - -1?
-14446
In base 13, what is 220 - 5?
218
In base 12, what is -20 - b?
-2b
In base 2, what is -100010 + -1?
-100011
In base 12, what is -1 - 888?
-889
In base 12, what is -8796 + 2?
-8794
In base 5, what is -10400 + 2?
-10343
In base 14, what is -24 + -c0?
-104
In base 3, what is -12 + -102?
-121
In base 14, what is -72 - -4?
-6c
In base 6, what is -4 - 202?
-210
In base 3, what is -10 - -220?
210
In base 10, what is -1 - -484?
483
In base 3, what is -222 + 111002?
110010
In base 7, what is -1 - 333?
-334
In base 4, what is -2322 + -21?
-3003
In base 8, what is -6 - 5?
-13
In base 12, what is 170a - 1?
1709
In base 8, what is 3 + -270?
-265
In base 14, what is 623 + -4?
61d
In base 5, what is 1014 - -31?
1100
In base 8, what is -14 + -7?
-23
In base 11, what is 1211 + -2?
120a
In base 16, what is -5 + 3?
-2
In base 15, what is 2 - 0?
2
In base 11, what is -3 - -1081?
1079
In base 10, what is 5532 - 4?
5528
In base 7, what is -121 + 1120?
666
In base 11, what is -4328 + 6?
-4322
In base 4, what is 10133 - -123?
10322
In base 4, what is -10 - 113?
-123
In base 14, what is 23 - -1?
24
In base 16, what is -4 + -9b1?
-9b5
In base 4, what is -11 - 13020?
-13031
In base 3, what is 2020 - -10?
2100
In base 10, what is 222 - 1?
221
In base 10, what is 2009 + 12?
2021
In base 8, what is 35542 - 0?
35542
In base 7, what is 100035 + 5?
100043
In base 3, what is -1001210 - -20?
-1001120
In base 3, what is 2 + -110022?
-110020
In base 2, what is 110 - 100001?
-11011
In base 5, what is 3 - 10?
-2
In base 5, what is 3 + -10131?
-10123
In base 15, what is -1 + 90?
8e
In base 3, what is 2 + -10222102?
-10222100
In base 14, what is -10 + 2c?
1c
In base 11, what is 2 + -83?
-81
In base 8, what is -11 + 11?
0
In base 4, what is 13 + 31232?
31311
In base 5, what is -34 + 1?
-33
In base 15, what is 32 + -2?
30
In base 16, what is 4 - -11?
15
In base 2, what is 1101 + 10010000?
10011101
In base 4, what is 10022 - 10?
10012
In base 4, what is 1 + -122021?
-122020
In base 12, what is 8 + -2b?
-23
In base 3, what is -10 + -12000111?
-12000121
In base 10, what is -9 + 104?
95
In base 11, what is 58 - 9?
4a
In base 3, what is -201002 - 10?
-201012
In base 12, what is b - -19?
28
In base 15, what is -146a + 1?
-1469
In base 3, what is -12220 + 1?
-12212
In base 14, what is 1 + 6?
7
In base 16, what is 17 + 0?
17
In base 6, what is -12043 - -4?
-12035
In base 16, what is -16 + -4?
-1a
In base 8, what is 7 - -156?
165
In base 11, what is -a26 + -3?
-a29
In base 12, what is 2 - 92?
-90
In base 16, what is 5 + 0?
5
In base 7, what is 430 - -10?
440
In base 2, what is -10101010101111 - 101?
-10101010110100
In base 15, what is b36 - -1?
b37
In base 13, what is -1 + 0?
-1
In base 5, what is 23 - 10042?
-10014
In base 13, what is 1 - -4?
5
In base 2, what is 110011 - -10000?
1000011
In base 11, what is -242 + 18?
-225
In base 10, what is -1 + -2130?
-2131
In base 6, what is 4 + 24255?
24303
In base 11, what is -10 + 1?
-a
In base 15, what is -d + -b?
-19
In base 15, what is -1 - -1603?
1602
In base 2, what is 100010 + -101?
11101
In base 12, what is -1 + -912?
-913
In base 3, what is 111020 - -110?
111200
In base 13, what is -18 + 26?
b
In base 13, what is -13 - 3?
-16
In base 11, what is 1 - 47a?
-479
In base 13, what is a7 - 69?
3b
In base 5, what is -2 + 100412?
100410
In base 9, what is 3 + 831?
834
In base 14, what is -1955 + -2?
-1957
In base 13, what is 304 + -3?
301
In base 6, what is 53 - -1?
54
In base 14, what is 1 - 770?
-76d
In base 7, what is 4 - -105?
112
In base 7, what is 10 + 103?
113
In base 15, what is -1 - 198?
-199
In base 11, what is -5 - -308?
303
In base 8, what is -2756 - 0?
-2756
In base 3, what is 2 + -11201?
-11122
In base 6, what is -1 + 340?
335
In base 5, what is -241 + -3?
-244
In base 6, what is 131 + 44?
215
In base 15, what is -4 + -25?
-29
In base 5, what is -10 + -102?
-112
In base 10, what is 2000 - -5?
2005
In base 16, what is 3 + -1b0?
-1ad
In base 12, what is 7a6 + 0?
7a6
In base 9, what is -157 - 10?
-167
In base 11, what is -1487 + 